e
Suppose p - 3*j + 591836 = 1681012, -3*j = 5*p - 5445970. Is p a prime number?
True
Let m(j) = 4*j**3 - 2*j**2 + j. Let z be m(1). Let g = -649 + 649. Is (64 - z) + g + -2 a prime number?
True
Let s be 2/5 + (-8)/20. Suppose -2*f + 2*i + 10 = s, -f + 3*i + 5 = i. Suppose -f*b - 4*t + 5339 = 0, 2*b = -2*t + 3*t + 2133. Is b composite?
True
Let p be (-60898)/(-13 + 11) - 1*5. Suppose -2*t - 4*i + 30434 = 0, -3*t + t - 2*i = -p. Is t prime?
True
Let l = -7 - -13. Let t be l/2 - 2 - 0/1. Is ((-3)/t - -10)/(3/1011) composite?
True
Suppose -4*o + 6575 = -3577. Suppose -4*h - 4*t + 5016 = 0, 2*h = -0*h + 4*t + o. Is h a prime number?
True
Let v(g) = 6*g - 811. Let x be v(0). Let f = -420 - x. Is f a prime number?
False
Let j = -643 + 737. Suppose 104*i - 18230 = j*i. Is i a composite number?
False
Suppose -3*p = 3*h - 69, p + 4*h - 12 = 20. Suppose -18*q + 11666 = p*q. Is q a prime number?
True
Let y(x) be the first derivative of -x**3/3 - 7*x**2/2 - 12*x - 10. Let j be y(-4). Suppose j = -r - 4*r + 4585. Is r a prime number?
False
Suppose 132*m = 103*m + 34487699. Is m composite?
False
Suppose 3*r + 5*n = 195171, -820*r - 65057 = -821*r + 5*n. Is r composite?
True
Let o(d) = -28*d**2 - d - 8 + 119*d**2 - 5*d + 9. Is o(2) a composite number?
False
Is (30 - 13283/444) + (-117587)/(-12) a composite number?
True
Suppose -3*k + 4*f = -91, 5*k = -0*k - 2*f + 169. Suppose k = -2*i + 13. Is i - -208 - (-4 - 0) a composite number?
True
Suppose -356 - 436 = -a. Let j(g) = -g**2 - 25*g - 131. Let m be j(-34). Let y = m + a. Is y prime?
False
Let g = 987 + -656. Is g/((40/25)/8) composite?
True
Is 930558 + (14 + -5 - -2) a prime number?
True
Suppose k = 4*u - 13, -u - 5*k + 11 = 34. Suppose -51429 = -5*m + 4*q, u*m + 0*m - 20598 = -5*q. Is m composite?
False
Let i = -933 + 1956. Let m = i - 542. Is m a prime number?
False
Suppose 23*z = 18*z - 1940. Let k = -231 - z. Let d = 408 - k. Is d a composite number?
False
Let z(m) = 46*m**2 + 58*m + 59. Let s(k) = -24*k**2 - 29*k - 30. Let x(o) = 11*s(o) + 6*z(o). Is x(-17) prime?
True
Let k be ((-1326)/15)/(42/(-40) - -1). Let q = k - -811. Is q a composite number?
False
Suppose 8*c - 4*z = 221080, 87*c - 86*c - 27635 = -2*z. Is c prime?
False
Is ((8/(-10))/(-4))/(165/10801725) a composite number?
False
Suppose 38 = -0*o + 2*o. Let t(r) = -8*r + 6*r + o + 5*r**2 - 9 + 0*r**3 + r**3. Is t(6) prime?
False
Suppose -i + 5633 = 2*m, -5*i + 36992 = -4*m + 8827. Is i a composite number?
True
Let i(l) = -59*l + 7. Suppose 0 = -2*b + p + 14, -2*b + 2*p + 3*p - 2 = 0. Let z be i(b). Is z*(2/4 - 1) a prime number?
False
Is ((-713)/69 - -11)*(-664626)/(-4) composite?
False
Let o be 2/(-10) + 44351/5. Is (17/(-2))/17 + o/4 prime?
False
Let p = 23368 - 3425. Suppose -a - p - 9245 = -5*k, -k + 5834 = a. Is k composite?
True
Suppose -5*i - 40 = 5*b, -2*i - 12*b - 10 = -13*b. Let r be ((-20)/(-8))/(i/(-300)). Suppose -124 - r = -3*v. Is v a prime number?
True
Let n = -12878 + 22477. Is n a prime number?
False
Suppose -4*a = -12, 12*a = -p + 10*a + 81967. Is p a prime number?
False
Let s be 6/(-3) - (-3)/(12/1876). Is 4*4/8 + s a composite number?
True
Let t(q) = 2*q**2 - 41*q - 43. Let w(k) = -k**2 + 20*k + 21. Let d(x) = -3*t(x) - 7*w(x). Let a be d(19). Suppose a*p + 1637 = 21*p. Is p composite?
False
Let c = -138513 - -222560. Is c composite?
False
Let v(o) = 793*o**2 - 71*o + 255. Is v(4) prime?
True
Suppose -q + 4*a = -13839, 18*q = 14*q + 5*a + 55411. Let y = q + -7612. Is y a prime number?
True
Let f = -21163 - -88266. Is f composite?
False
Suppose 4*j - 3*k - 52697 = 0, 0 = 3*j + j + 5*k - 52673. Let w = -5473 + j. Is w composite?
False
Is 2*-1 + 15181558/84 + 2/12 a composite number?
False
Suppose -37*f + 172211 = -36*f + 3*y, -5*f + y = -860991. Is f a composite number?
False
Let a(g) = -g**3 + 68*g**2 + 892*g - 37. Is a(-32) a prime number?
True
Let v(c) = 11*c**3 + 11*c**2 - 15*c - 13. Let q(o) = -5*o**3 - 5*o**2 + 7*o + 6. Let s(j) = 13*q(j) + 6*v(j). Let d be 578/272 + (-3)/24. Is s(d) composite?
True
Suppose 0 = 7*t - 14 - 105. Suppose t + 23 = 10*i. Suppose -5*s - y = y - 3703, 755 = s + i*y. Is s a composite number?
False
Suppose -4*g = f - 6*f + 8741, 0 = -4*g + 2*f - 8750. Let m = -556 - g. Is m composite?
True
Let m(b) = -3*b**2 - 24*b + 12. Let f be 7/(7/4)*4/(-2). Let v be m(f). Let o(r) = 25*r + 47. Is o(v) composite?
False
Let g(y) = -y**3 - 20*y**2 - 1560*y - 4. Is g(-67) composite?
True
Let n(u) = 109*u**2 - 8*u + 15. Let x(r) = -55*r**2 + 4*r - 8. Let s(v) = 3*n(v) + 5*x(v). Let t(w) = -6*w + 15. Let y be t(1). Is s(y) composite?
True
Let a be (354/4 - 0)*(-380)/(-30). Let y = 920 + a. Is y a composite number?
True
Suppose -4*q + q - 15 = 0, -4*o - q = -111. Suppose 3*y - o = -5*i, -3*i + 16 = y + 1. Suppose 2*s + y*c = 4477, -168 = s + 2*c - 2405. Is s prime?
True
Is (444/(-24) + -5)/(((-4)/1)/42584) prime?
False
Suppose -20*t + 48 = 8. Suppose t*h = 11*h - 23841. Let w = 250 + h. Is w composite?
True
Let a(s) = 14*s**3 + 13*s**2 - 13*s - 35212. Let m(y) = 3*y**3 + 3*y**2 - 3*y - 8803. Let n(h) = 2*a(h) - 9*m(h). Let g be (-1 + 1)*9/18. Is n(g) prime?
True
Let j(v) = 99*v**2 - 24*v + 47. Is j(16) prime?
False
Let j(r) = r**3 - 52*r**2 + 128*r + 148. Is j(63) prime?
True
Suppose 26*t - 25*t - 238 = -5*g, -3*t = 6. Let r(w) = w**3 + 7*w**2 - 9*w - 2. Let b be r(-8). Is b*7318*4/g composite?
False
Suppose -10*k + 24 = -2*k. Suppose -69005 = -5*p - 2*h, -2*p = 3*p + k*h - 69010. Is p prime?
True
Let h(s) be the first derivative of s**5/30 + s**4/12 + 65*s**3/6 - 7*s**2 - 13. Let c(f) be the second derivative of h(f). Is c(0) a composite number?
True
Let w(v) = 457*v**2 - 2*v + 1. Let g be w(1). Suppose 0 = 3*r - 258 - g. Suppose -3*a + r = -515. Is a a composite number?
False
Suppose -5*j = -3*n - 15, 5*n - 20 = 4*j + 9*n. Suppose -141*k + 140*k + 49505 = j. Is k prime?
False
Let z = 1678 - -567. Let y = -996 + z. Is y a composite number?
False
Let d = 24 - 21. Suppose -5*z = -z + 12, -d*k + 22173 = -z. Suppose 0 = s - 11*s + k. Is s a prime number?
True
Let a(t) be the third derivative of t**6/30 - t**5/30 - t**4/3 - 13*t**3/6 + 3*t**2 + 12. Is a(5) prime?
True
Is (1029810/(-6) + 1)/(-2) a prime number?
True
Let f(m) = 43*m**3 + 48*m**2 + 12*m + 13. Is f(16) a composite number?
False
Suppose -8*k - 116398 = -354286. Suppose -4*t - 4*l + k = 0, -4*t + 4*l = -0*t - 29728. Is t a composite number?
False
Let t(v) = 2*v - 34 + 15*v**2 + 15*v**2 - 4 - v**3. Is t(13) a composite number?
False
Suppose 6*v - 25 = 17. Suppose -7*b + 28 + v = 0. Suppose 2*d + 520 + 113 = b*n, -2*d = n - 129. Is n composite?
False
Suppose 0 = -3*a + 11 + 4. Suppose 0 = a*y + 4*i + i - 410, -y - 4*i = -76. Suppose 4*k + 57 = w, -w - w = -2*k - y. Is w a composite number?
False
Suppose 156252 = 3*t + b, -3*t = -5*b + 77845 - 234061. Is t composite?
True
Let i be 18/(-5)*(220/8)/(-11). Let s(k) = 325*k + 2. Is s(i) composite?
False
Let y be 1119940/20 - (-36)/(-4). Suppose 4*u + 44776 = 4*v, -14*v + u = -19*v + y. Is v a composite number?
False
Let i(n) = -126*n - 74. Let c be i(-13). Let s = 3467 - c. Is s a prime number?
False
Is 7 - -1 - (-219295 - -184) composite?
False
Let i(p) = 36*p - 23. Suppose -3*z + 9 = -42. Let w be i(z). Suppose -8 = 7*m - w. Is m composite?
False
Let i = -8776 - -298229. Is i a prime number?
True
Is (168/420 - 23728/(-5)) + 5 prime?
True
Suppose 2*h = 6*h + 60. Let p = h + 18. Suppose -2*l = 4*v - 3172, -807 = -v - p*l - l. Is v a prime number?
False
Let h(w) = 89*w**3 + 3*w**2 - 6. Let i = -671 + 673. Is h(i) a composite number?
True
Let n(j) = -18430*j - 97. Is n(-2) composite?
True
Let a be -60 + 63 - 9011/(-1)*1. Let z = a - -1959. Is z a composite number?
False
Let i(g) = -74*g + 155*g + 149*g**2 - 61*g + 7. Is i(-14) prime?
False
Let s = 29 + -20. Suppose 3*k + 12 = 0, 5*w + 15 + s = -k. Is w + 482 - -2 - 1 a prime number?
True
Suppose 28*s - 40 = 18*s. Suppose 1124 + 2076 = s*i + 4*z, 2*i - 1618 = 4*z. Is i composite?
True
Let t(c) = c**3 + 2*c**2 + 20*c - 1. Suppose v - 3*v = -20. Let u be (v/12)/(4/16)*3. Is t(u) prime?
True
Let v = -103433 + 177022. Is v a prime number?
True
Suppose 0 = -30*o + 725184 + 278226. Is o a composite number?
True
Let b(f) = -f**2 + 7*f - 9. Let t be b(16). Let i = t 